w). What are the prime factors of g(-4)?
3, 31
Let g = 340 + -324. List the prime factors of g + -15 - 1122/(-3).
3, 5
Suppose -17*w - 17958 + 152872 = -8957. List the prime factors of w.
3, 7, 13, 31
Let s be 3*40/24 + 2082. Let y = s + -1138. What are the prime factors of y?
13, 73
Let b be 2 - (-5)/(-15)*-1*12. Suppose 5652 = 24*s - b*s. What are the prime factors of s?
2, 157
Let a be (-3)/8 + (-54)/(-16). Suppose a*c - 564 = -3*b, -4*b = 3*c - 6*c - 787. List the prime factors of b.
193
Let s be 2 + -3 + 47 + -4. Let r be s + (-3)/(15/(-5)). Let x = -28 + r. List the prime factors of x.
3, 5
Let u(r) = -3*r**2 + 27*r + 5. Let v be u(9). Let i be 15/(-12) + 3/(-4) + v. Let w = i - -17. List the prime factors of w.
2, 5
Let d(q) be the second derivative of -q**3/3 + 13*q**2 - 6*q. Let b be d(15). Let y = 106 + b. List the prime factors of y.
2, 3, 17
Suppose 0 = 2*q - q + 4*f - 23, 0 = -3*f + 15. Suppose -i + 632 = 4*c, 2580 = i + 3*i + q*c. List the prime factors of i.
2, 3
Let r(b) be the first derivative of 2*b**3/3 + 7*b**2/2 - 5*b - 8. Suppose -25 = 5*y, 21 - 1 = -5*k + 2*y. What are the prime factors of r(k)?
5
Suppose 3*p - 5*f - 149 - 10013 = 0, -3*f - 15 = 0. Suppose p = 9*d + 634. List the prime factors of d.
5, 61
Let s be 133 - 2 - (-8 + 1). Suppose 28*b = s + 142. List the prime factors of b.
2, 5
Suppose -41755 = -b - 2*t, 4*b - 217*t - 167108 = -214*t. List the prime factors of b.
41771
Let m(y) = -22*y - 7. Let x(i) = -7*i - 2. Let a(d) = -6*m(d) + 17*x(d). Let k be (-25)/10*(-4 + 2). What are the prime factors of a(k)?
73
Let g(h) = 33*h + 29. Let a be g(2). Suppose -201 = -2*b - a. List the prime factors of b.
53
Let t = 4 + 45. Let f = t - 47. What are the prime factors of f/3 - 3473/(-69)?
3, 17
Let g(k) = 227*k - 77. What are the prime factors of g(35)?
2, 7, 281
Let n(x) = -x**2 + 8*x - 23. Let j be n(5). Let t be (-4012)/j + (-2 - (-9)/6). Let l = -341 + t. What are the prime factors of l?
2, 5
Let b(o) = o**3 + 8*o**2 + 9*o + 6. Let f(q) = 2*q**3 + 3*q**2 - 3*q - 8. Let x be f(-2). What are the prime factors of b(x)?
2, 3
Suppose 0 = -s + 2*i - 134, -435 = s + 2*s + 5*i. Let m = -9 - s. What are the prime factors of m?
131
Let f = -17740 + 65450. List the prime factors of f.
2, 5, 13, 367
Suppose -m = 4*u - 14375, 38587 = 4*m + 4*u - 18973. Suppose 18*o - m = 3191. What are the prime factors of o?
977
Let v be (3 + -235 + -4)/(-2). Suppose 14*h - v = 16*h. Let g = 115 + h. List the prime factors of g.
2, 7
Suppose 0 = 4*f - 4*a + 12014 - 31762, 24677 = 5*f + 3*a. What are the prime factors of f?
2, 617
Let k(o) = 3*o**2 + 9*o + 7. Let b(w) = 3*w**2 + 10*w + 8. Let x(v) = 4*b(v) - 5*k(v). Let z be x(-2). Let p = 4 - z. List the prime factors of p.
3
Let c = 6960 + 4473. What are the prime factors of c?
3, 37, 103
Let g be (-2)/3 - (-28)/6. Let f(b) = -b**2 - 14 - 1395*b + 1396*b + 14*b**2. What are the prime factors of f(g)?
2, 3, 11
Let v(a) = 6*a**3 + 9*a**2 - 36*a + 199. What are the prime factors of v(6)?
7, 229
What are the prime factors of 1161006/(-48)*-2 - (104/32 + -3)?
3, 5, 43
Let j(v) = 64*v**2 - 53*v - 600. List the prime factors of j(21).
3, 8837
Suppose 2*k = 54 - 42, h - 9395 = 5*k. List the prime factors of h.
5, 13, 29
Suppose -375*t - 666064 = -413*t. List the prime factors of t.
2, 7, 313
Let z be (0 + -3)/(6/3)*-2. Suppose i = -i + z*u + 17, 2*i = -5*u + 25. Suppose -i*w - 282 = -1462. List the prime factors of w.
2, 59
Let g(h) = h**2 - 7*h - 13. Let w(l) = -l**3 + l**2 + 8*l + 2. Let j be w(-3). Let b = j - 22. What are the prime factors of g(b)?
107
Suppose 32*x + 24*x - 16*x - 1460960 = 0. List the prime factors of x.
2, 23, 397
Let k(h) = 27*h**2 + 125*h - 127. List the prime factors of k(-29).
5, 17, 223
Suppose -12 = -4*f - 4. Let k = -29 - -53. Suppose -101 + k = -s + 3*o, -4*o + 174 = f*s. List the prime factors of s.
83
What are the prime factors of ((-552)/(-60) - 8)*(-10)/(-6) - -9078?
2, 5, 227
Let b = -209 + 165. List the prime factors of b/(-462) + (-3841)/(-21).
3, 61
List the prime factors of (-12)/(-52) + (-17283130)/(-1885).
53, 173
Let l(o) = 29*o**3 - 2*o**2 + 41*o - 121. What are the prime factors of l(3)?
13, 59
Suppose b + 4*v + 129 = 2*v, 3*v = -b - 134. What are the prime factors of 4/34 + (-22477)/b?
3, 7
Suppose 0 = -87*b + 184*b - 98*b + 41967. List the prime factors of b.
3, 4663
Let s(b) = b**2 - b - 4. Let x be s(3). Suppose -4*w - j + 604 = -90, -4*j - 356 = -x*w. List the prime factors of w.
2, 3, 29
Let r be -9 + 9 - (-2 - 92/2). Let l = -72 + r. What are the prime factors of (-2370)/l + (-1)/(-4)?
3, 11
What are the prime factors of (8 + 190)/((-3)/15 + 63/140)?
2, 3, 11
Let j = 173 + -107. Suppose -4*g + j = 2*s, g + 4*g + 4*s - 75 = 0. List the prime factors of g.
19
Suppose 34*g + 7205 = 39*g. Suppose 0 = -7*j + g + 99. What are the prime factors of j?
2, 5, 11
Suppose -917 = -3*y - 2*i + i, 1519 = 5*y - 3*i. Suppose 0 = 2*m + 3*q + 151, m + 4*q + 85 = 17. Let n = m + y. What are the prime factors of n?
3, 5
Let j(y) = 82 - 551*y + 73 - 145. What are the prime factors of j(-1)?
3, 11, 17
Let l(d) be the second derivative of d**4/4 + d**3 - 12*d**2 - 3*d. Let o be l(5). Suppose 3*i - 216 = -o. What are the prime factors of i?
3, 5
Let p = 100 - 95. Suppose 3*m - 505 = -3*x - x, -675 = -5*x + p*m. What are the prime factors of x?
2, 5, 13
Suppose 3*b + 4*j - 142360 = 0, 1363*j = 1358*j + 20. List the prime factors of b.
2, 3, 659
Suppose 0 = 9*q - 8*q - 3. Suppose -2*r = 0, 6 = q*m + r + r. Suppose 278 = 5*d + m*c, -2*d + 3*d - 55 = -c. List the prime factors of d.
2, 7
Suppose 2*y - 6*y + 40 = 0. Let a be (-11645)/(-25) - (2/(-1))/y. Suppose 5*v + 2*q + 0*q - a = 0, -v = -4*q - 102. List the prime factors of v.
2, 47
Suppose -36*f - 48*f + 910368 = -12*f. What are the prime factors of f?
2, 29, 109
Let c be (-1)/(6/18)*(-5)/3. Suppose 2*v + 4*r = 1000 + 218, r = c*v - 3012. What are the prime factors of v?
3, 67
Let t = -5934 - -9871. List the prime factors of t.
31, 127
Suppose 931 + 449 = 5*z. Let t be ((-5)/(-2))/((-7)/(-14)). Suppose t*s - z = s. What are the prime factors of s?
3, 23
Let a(k) = -10*k**2 - 12*k + 20. Let x(h) = 2*h**2 + 3*h - 5. Let p(y) = -2*a(y) - 9*x(y). Let g = -4 - 5. List the prime factors of p(g).
2, 97
Suppose -9*m - 19238 = -92003. List the prime factors of m.
3, 5, 7, 11
Suppose 5*p - 1922 = 3*j, -2*p + 687 + 97 = -5*j. Let v = -225 + p. What are the prime factors of v?
157
Suppose -k - 70*k + 517905 = 14*k. List the prime factors of k.
3, 677
Let p = -204 - -117. Let o = p - -47. Let x = o - -56. What are the prime factors of x?
2
Let u(j) = -36*j**3 - j**2 - 2*j - 1. Let x be u(-1). Let m(q) = -q**2 + 53*q - 537. Let y be m(40). Let g = x - y. What are the prime factors of g?
53
Let h be 2/1*45/18. Let l be -124 + 2/h + (-36)/(-10). What are the prime factors of 115*(4/6 + 8/l)?
3, 23
Let n = -63 - -132. Let o(t) = -20 - 5*t + n + 7*t. List the prime factors of o(-23).
3
Let l(g) = -112*g**2 + 1. Let m be l(-1). Let n be (6/2)/12 + 21480/96. Let v = n + m. List the prime factors of v.
113
Let s = 30473 - -7638. List the prime factors of s.
23, 1657
Let a(z) = 9*z**2 - 3*z - 6. Let g = 33 - 83. Let o be g/5 + 4 - -3. What are the prime factors of a(o)?
2, 3, 7
Suppose -36*c + 298648 = -8*c - 6104. List the prime factors of c.
2, 3, 907
Suppose -7*i = 2*d - 9*i - 100, -2*d - i + 94 = 0. Let q = 77 - d. Let k(l) = l**2 - 28*l + 14. What are the prime factors of k(q)?
43
Let i = 246 - 243. Suppose -i*h + 3480 = 5*c - 1306, -10 = -5*h. What are the prime factors of c?
2, 239
Let j = -115 + 131. What are the prime factors of 24504/j*6/9?
1021
Let k(c) be the first derivative of -229*c**2/2 + 28*c + 46. List the prime factors of k(-2).
2, 3
Let y be (-26)/6*-9*12. Let c be -84*(0 - 1/(-6))/(1/16). Let z = y + c. List the prime factors of z.
2, 61
Suppose -4*n + 5*x = 844, -6*x - 660 = 3*n - 3*x. Let p = 620 - 105. Let s = n + p. What are the prime factors of s?
13, 23
Let q(f) = f**3 + 5*f**2 + f + 8. Let v be q(-5). Suppose -o + 3*y + 269 = 0, 1364 = v*o + 2*o + 4*y. What are the prime factors of o?
2, 17
Suppose 0 = -g + 3*t + 71, -8 = 3*t + 4. Suppose -5*x = d - 20, x - 4 = 6*d - 2*d. Suppose -g = -a + 2*i + 3*i, x*a = i + 331